 factor of 8 and 24159848?
8
Calculate the highest common divisor of 2279 and 28328659.
53
Calculate the greatest common factor of 28249 and 328123.
2173
Calculate the highest common factor of 9468 and 19195581.
789
What is the greatest common factor of 4432252 and 172?
4
Calculate the greatest common divisor of 2202315 and 129765.
615
Calculate the greatest common divisor of 6361184 and 2740.
548
What is the highest common divisor of 100575 and 177903?
27
Calculate the highest common factor of 44 and 21479362.
2
What is the greatest common factor of 213161 and 468?
13
Calculate the greatest common divisor of 166390146 and 117.
117
What is the greatest common divisor of 20935 and 1353885?
265
What is the highest common divisor of 74822 and 127295850?
3938
What is the highest common divisor of 351 and 16251705?
27
What is the highest common factor of 429519387 and 363?
363
Calculate the highest common factor of 47073 and 131884701.
2769
What is the greatest common factor of 6977584 and 162440?
1048
Calculate the highest common factor of 520380 and 441.
441
What is the greatest common factor of 4878 and 331403190?
1626
Calculate the highest common divisor of 854 and 29393399.
427
Calculate the highest common factor of 745 and 220802355.
745
What is the greatest common factor of 1612 and 107913?
13
What is the greatest common factor of 4518 and 12962644?
502
Calculate the greatest common divisor of 478784 and 48.
16
Calculate the highest common divisor of 57120 and 67990.
10
Calculate the greatest common divisor of 33906928 and 235.
47
Calculate the greatest common divisor of 105088 and 18930618.
1642
What is the greatest common divisor of 129931329 and 11?
11
What is the greatest common divisor of 989 and 1853128?
43
Calculate the greatest common divisor of 853146211 and 47555.
9511
Calculate the greatest common factor of 772324 and 2576.
28
What is the highest common factor of 9799075 and 22?
11
Calculate the greatest common factor of 27650 and 7510846.
1106
What is the greatest common factor of 229898760 and 728?
728
What is the highest common factor of 37114 and 1792?
14
What is the greatest common divisor of 112 and 125831818?
14
Calculate the greatest common divisor of 36732217 and 699.
233
Calculate the highest common factor of 8 and 7973654.
2
What is the greatest common divisor of 2700 and 226890?
90
Calculate the greatest common divisor of 16063515 and 156.
39
What is the highest common factor of 1711 and 2113404?
29
Calculate the highest common divisor of 18 and 15262686.
18
What is the greatest common factor of 117547 and 11285?
61
Calculate the greatest common divisor of 816 and 10060464.
816
What is the greatest common factor of 471834775 and 10?
5
Calculate the greatest common factor of 9 and 4315752.
9
Calculate the highest common factor of 1316 and 2951459.
329
What is the highest common factor of 3277 and 752693?
113
Calculate the highest common divisor of 348 and 40694664.
12
What is the greatest common factor of 13172416 and 1802?
34
What is the highest common factor of 701087 and 6925?
277
What is the highest common divisor of 316 and 5775058?
158
What is the highest common divisor of 135783 and 430191?
1269
Calculate the greatest common divisor of 13487833 and 522089.
3203
Calculate the greatest common divisor of 13209 and 2349417.
357
Calculate the highest common divisor of 19168917 and 1487.
1487
Calculate the greatest common divisor of 51 and 3027.
3
What is the greatest common divisor of 10690 and 668387974?
2138
What is the greatest common factor of 515468 and 21452?
124
What is the highest common factor of 7860 and 677064?
12
What is the greatest common factor of 463488 and 147254?
2414
Calculate the highest common factor of 207 and 2433009.
69
What is the highest common divisor of 136198985 and 11883?
3961
Calculate the greatest common factor of 94792 and 398820.
1156
Calculate the greatest common factor of 41 and 211245079.
41
What is the greatest common factor of 50830 and 79118?
442
What is the highest common divisor of 10603983 and 195?
39
What is the highest common factor of 1265 and 70?
5
Calculate the greatest common factor of 72 and 53942346.
18
Calculate the greatest common factor of 2402 and 112361957.
1201
Calculate the greatest common divisor of 50401040 and 400.
80
What is the highest common factor of 934 and 633218376?
934
Calculate the highest common factor of 3203002 and 24486.
1166
Calculate the greatest common factor of 1792 and 1948416.
256
Calculate the highest common factor of 5109100 and 266.
38
What is the greatest common divisor of 40919 and 5185867?
493
Calculate the greatest common factor of 567273068 and 68.
68
What is the greatest common factor of 472350 and 13818?
282
Calculate the greatest common divisor of 54312 and 2069112.
1752
What is the highest common factor of 1359950 and 14750?
2950
Calculate the greatest common divisor of 820687 and 7.
7
Calculate the greatest common factor of 54948 and 734730.
114
What is the highest common factor of 1116 and 12438564?
372
Calculate the greatest common divisor of 35442 and 57934782.
3222
What is the greatest common divisor of 4316671 and 9465?
631
Calculate the greatest common factor of 6168150 and 7500.
150
Calculate the highest common factor of 76386878 and 2634.
878
What is the highest common factor of 32 and 90164432?
16
Calculate the greatest common divisor of 251658 and 368838.
558
Calculate the highest common divisor of 28409661 and 12348.
3087
Calculate the greatest common factor of 204268065 and 135.
15
What is the highest common divisor of 5530242 and 986?
58
What is the greatest common divisor of 25024 and 118592?
1088
Calculate the highest common factor of 496 and 74191184.
496
Calculate the highest common factor of 63674 and 154102.
26
Calculate the greatest common divisor of 648 and 6535404.
324
What is the highest common factor of 3842 and 9142039?
1921
What is the highest common divisor of 2723156 and 608?
76
Calculate the highest common factor of 17854211 and 8691.
2897
Calculate the highest common divisor of 1305 and 93645.
45
Calculate the greatest common divisor of 1078 and 5993966.
22
Calculate the greatest common factor of 148404 and 930928.
332
Calculate the greatest common divisor of 1411835 and 15.
5
What is the greatest common factor of 62307 and 26289?
207
What is the greatest common divisor of 15352693 and 751?
751
What is the greatest common factor of 2300 and 81098?
46
What is the greatest common factor of 244532 and 2869464?
2164
Calculate the greatest common divisor of 1039744 and 127744.
128
What is the highest common divisor of 34855503 and 954?
159
Calculate the greatest common divisor of 2742129 and 54717.
897
What is the highest common factor of 134 and 4656701?
67
What is the greatest common factor of 23088 and 46876336?
7696
What is the highest common factor of 266 and 536919537?
133
What is the highest common factor of 137460 and 2185140?
4740
Calculate the greatest common divisor of 2532506 and 49922.
218
Calculate the highest common divisor of 9196024 and 8.
8
What is the greatest common factor of 169196767 and 2907?
323
What is the highest common factor of 9364 and 206864806?
4682
Calculate the greatest common divisor of 20540 and 42620.
20
What is the highest common divisor of 7422 and 13564942?
2474
What is the highest common divisor of 367959695 and 295?
295
What is the greatest common factor of 535587 and 34111?
443
Calculate the highest common factor of 419 and 672565811.
419
What is the greatest common divisor of 92 and 339572?
92
What is the highest common factor of 586480 and 80320?
80
What is the greatest common factor of 5688 and 441?
9
Calculate the greatest common factor of 1501 and 10682538.
79
What is the highest common factor of 5411 and 34255495?
773
Calculate the highest common divisor of 23124 and 2793084.
492
Calculate the highest common divisor of 3090731 and 589.
31
What is the highest common divisor of 1906800 and 250?
50
Calculate the greatest common divisor of 20433822 and 12.
6
Calculate the highest common divisor of 194224213 and 23.
23
What is the greatest common divisor of 72437 and 49913354?
4261
Calculate the highest common factor of 1264661001 and 36.
9
What is the gr